f 88779?
True
Is 51 a multiple of 15?
False
Is 2795 a multiple of 22?
False
Is 798 a multiple of 21?
True
Does 16 divide 454?
False
Does 22 divide 50358?
True
Does 118 divide 46020?
True
Is 41 a factor of 41?
True
Does 2 divide 265?
False
Is 7731 a multiple of 42?
False
Is 82 a factor of 32308?
True
Is 31 a factor of 2136?
False
Is 5129 a multiple of 17?
False
Is 5 a factor of 93?
False
Is 34597 a multiple of 101?
False
Is 1262 a multiple of 66?
False
Is 5 a factor of 6070?
True
Does 92 divide 37099?
False
Does 51 divide 2907?
True
Does 18 divide 306?
True
Does 95 divide 9975?
True
Is 2914 a multiple of 47?
True
Is 3 a factor of 4?
False
Does 51 divide 103785?
True
Is 530 a multiple of 24?
False
Is 613 a multiple of 53?
False
Does 21 divide 8156?
False
Does 8 divide 116?
False
Is 61 a multiple of 9?
False
Is 1930 a multiple of 73?
False
Is 55 a factor of 8580?
True
Does 2 divide 7?
False
Is 6400 a multiple of 25?
True
Is 4 a factor of 743?
False
Is 96 a factor of 1824?
True
Does 22 divide 4114?
True
Does 30 divide 1578?
False
Is 1648 a multiple of 79?
False
Does 4 divide 17648?
True
Does 118 divide 48970?
True
Does 33 divide 429?
True
Is 56 a factor of 744?
False
Does 30 divide 12724?
False
Is 15 a factor of 47580?
True
Is 792 a multiple of 15?
False
Is 21 a factor of 95142?
False
Is 8098 a multiple of 28?
False
Does 20 divide 4820?
True
Is 1096 a multiple of 2?
True
Is 67 a factor of 335?
True
Does 11 divide 3486?
False
Is 102 a factor of 32436?
True
Is 10 a factor of 7780?
True
Is 300 a multiple of 15?
True
Does 4 divide 2101?
False
Does 63 divide 990?
False
Is 899 a multiple of 29?
True
Is 7 a factor of 13118?
True
Is 113 a factor of 90739?
True
Is 936 a multiple of 39?
True
Is 84 a multiple of 14?
True
Is 275 a multiple of 25?
True
Does 54 divide 62802?
True
Is 2824 a multiple of 8?
True
Is 15 a factor of 25485?
True
Is 9 a factor of 15786?
True
Does 2 divide 20?
True
Does 129 divide 2709?
True
Is 2320 a multiple of 80?
True
Is 13 a factor of 1481?
False
Does 16 divide 1400?
False
Is 4 a factor of 2183?
False
Is 147 a multiple of 9?
False
Is 8 a factor of 419?
False
Is 59 a factor of 133458?
True
Is 11 a factor of 15246?
True
Is 144 a multiple of 4?
True
Is 172 a multiple of 3?
False
Is 11 a factor of 1433?
False
Does 17 divide 187?
True
Is 14 a factor of 378?
True
Is 9 a factor of 49419?
True
Is 19 a factor of 114?
True
Does 62 divide 40796?
True
Is 938 a multiple of 14?
True
Is 12 a factor of 20680?
False
Is 11458 a multiple of 12?
False
Is 13 a factor of 988?
True
Is 336 a multiple of 14?
True
Does 14 divide 6802?
False
Is 12129 even?
False
Is 7 a factor of 210?
True
Is 35520 a multiple of 96?
True
Is 104 a factor of 600?
False
Is 98 a factor of 1176?
True
Is 14 a factor of 12384?
False
Does 39 divide 7116?
False
Is 24 a factor of 963?
False
Does 79 divide 2133?
True
Is 47 a factor of 6115?
False
Is 6292 a multiple of 4?
True
Is 16308 a multiple of 18?
True
Is 4126 a multiple of 221?
False
Is 3 a factor of 18087?
True
Is 9 a factor of 907?
False
Is 5 a factor of 1260?
True
Does 54 divide 1080?
True
Does 5 divide 7327?
False
Is 1084 a multiple of 40?
False
Is 2 a factor of 717?
False
Does 101 divide 81127?
False
Does 16 divide 754?
False
Does 15 divide 3734?
False
Is 24 a multiple of 12?
True
Does 53 divide 44414?
True
Is 3919 a multiple of 5?
False
Is 28 a factor of 6656?
False
Does 28 divide 22125?
False
Is 73 a factor of 2701?
True
Is 2001 a multiple of 48?
False
Is 16812 a multiple of 4?
True
Is 21105 a multiple of 105?
True
Does 51 divide 1734?
True
Does 27 divide 62100?
True
Is 15655 a multiple of 4?
False
Does 4 divide 396?
True
Is 297 a factor of 6831?
True
Does 9 divide 954?
True
Is 4 a factor of 5864?
True
Is 21 a factor of 2666?
False
Is 27473 a multiple of 83?
True
Is 6 a factor of 11973?
False
Is 13 a factor of 58578?
True
Is 252 a multiple of 9?
True
Does 11 divide 2300?
False
Does 18 divide 868?
False
Is 2744 a multiple of 8?
True
Is 2623 a multiple of 43?
True
Is 11152 a multiple of 68?
True
Is 16 a factor of 1506?
False
Is 6696 a multiple of 72?
True
Does 19 divide 4816?
False
Is 6 a factor of 732?
True
Does 101 divide 2929?
True
Is 2 a factor of 1177?
False
Is 11 a factor of 510?
False
Is 10 a factor of 236?
False
Does 10 divide 140?
True
Is 10 a factor of 4968?
False
Does 22 divide 876?
False
Is 1077 a multiple of 37?
False
Does 55 divide 3025?
True
Is 42348 a multiple of 10?
False
Does 9 divide 567?
True
Does 38 divide 114?
True
Is 22932 a multiple of 63?
True
Is 2934 a multiple of 18?
True
Does 209 divide 61746?
False
Is 891 a multiple of 99?
True
Does 39 divide 2291?
False
Is 151 a multiple of 6?
False
Is 48609 a multiple of 15?
False
Is 43 a factor of 55814?
True
Is 2 a factor of 866?
True
Is 45 a factor of 570?
False
Does 42 divide 4827?
False
Does 25 divide 650?
True
Does 33 divide 11399?
False
Does 62 divide 372?
True
Does 81 divide 77204?
False
Is 645 a multiple of 43?
True
Is 18986 a multiple of 112?
False
Does 11 divide 12067?
True
Does 16 divide 2565?
False
Does 216 divide 14269?
False
Is 11 a factor of 238?
False
Does 17 divide 11169?
True
Is 16921 a multiple of 106?
False
Is 17 a factor of 912?
False
Does 18 divide 12402?
True
Is 157 a factor of 3768?
True
Does 8 divide 113?
False
Is 21722 a multiple of 31?
False
Does 31 divide 1013?
False
Is 102 a multiple of 6?
True
Does 4 divide 596?
True
Is 1790 a multiple of 2?
True
Is 11 a factor of 363?
True
Does 60 divide 5580?
True
Is 4498 a multiple of 13?
True
Is 18 a multiple of 2?
True
Is 18 a factor of 1301?
False
Is 248 a multiple of 17?
False
Is 37 a factor of 73297?
True
Is 16986 a multiple of 57?
True
Is 64 a factor of 1728?
True
Is 1314 a multiple of 8?
False
Does 200 divide 9000?
True
Is 19 a factor of 1263?
False
Does 15 divide 540?
True
Is 5772 a multiple of 39?
True
Is 17794 a multiple of 14?
True
Is 14355 a multiple of 9?
True
Is 829 a multiple of 28?
False
Is 4370 a multiple of 38?
True
Is 36 a factor of 17652?
False
Does 33 divide 1849?
False
Is 182 a multiple of 2?
True
Is 9 a factor of 5526?
True
Is 58 a factor of 1740?
True
Is 5 a factor of 33411?
False
Is 528 a multiple of 16?
True
Is 630 a multiple of 35?
True
Is 2680 a multiple of 18?
False
Is 18399 a multiple of 10?
False
Is 3 a factor of 561?
True
Does 2 divide 9294?
True
Does 3 divide 13266?
True
Does 164 divide 30119?
False
Is 796 a multiple of 16?
False
Is 31459 a multiple of 3?
False
Does 10 divide 1300?
True
Does 67 divide 1675?
True
Does 2 divide 15976?
True
Is 3 a factor of 46?
False
Is 4 a factor of 180?
True
Is 15143 a multiple of 206?
False
Is 71 a factor of 16685?
True
Does 113 divide 9605?
True
Is 2417 a multiple of 40?
False
Is 10 a factor of 42193?
False
Does 86 divide 13536?
False
Does 20 divide 500?
True
Does 25 divide 832?
False
Does 77 divide 2618?
True
Is 43 a factor of 31218?
True
Is 3108 a multiple of 21?
True
Does 10 divide 709?
False
Is 7 a factor of 2254?
True
Does 76 divide 117192?
True
Is 156 a multiple of 3?
True
Does 15 divide 182?
False
Does 10 divide 41186?
False
Does 55 divide 495?
True
Is 9842 a multiple of 30?
False
Does 23 divide 778?
False
Is 23 a factor of 682?
False
Is 45 a factor of 765?
True
Is 20 a factor of 3000?
True
Does 127 divide 9544?
False
Is 666 a multiple of 28?
False
Is 23 a factor of 74888?
True
Does 33 divide 11154?
True
Does 2 divide 57?
False
Does 17 divide 22916?
True
Does 10 divide 147?
False
Does 66 divide 5676?
True
Is 1485 a multiple of 11?
True
Is 11 a factor of 594?
True
Is 19 a factor of 8884?
False
Does 50 divide 5641?
False
Is 1276 a multiple of 22?
True
Is 11 a factor of 6589?
True
Is 340 a multiple of 4?
True
Does 73 divide 438?
True
Is 17 a factor of 10251?
True
Is 87 a factor of 1479?
True
Does 55 divide 9381?
False
Is 19 a factor of 17195?
True
Is 2543 a multiple of 31?
False
Is 2 a factor of 5064?
True
Is 71 a factor of 15048?
False
Is 93 a factor of 42687?
True
Does 18 divide 142?
False
Does 37 divide 39329?
False
Does 63 divide 16928?
False
Is 2048 a multiple of 17?
False
Is 16 a factor of 1842?
False
Is 10 a factor of 232?
False
Does 16 divide 917?
False
Does 19 divide 19?
True
Does 30 divide 2400?
True
Is 95 a factor of 7769?
False
Is 8 a factor of 87137?
False
Does 24 divide 1867?
False
Does 19 divide 9994?
Tru